2220101222
In base 10, what is -20096 + -48?
-20144
In base 3, what is 2110202011 - -1022?
2110210110
In base 12, what is 7ba22 + -5?
7ba19
In base 4, what is -20 - 132031233?
-132031313
In base 7, what is 11 - 302144?
-302133
In base 10, what is 863466 - 1?
863465
In base 9, what is -5 - 10172?
-10177
In base 9, what is -7526 - -4?
-7522
In base 12, what is -311b - -194?
-2b47
In base 7, what is -1013265 - 5?
-1013303
In base 16, what is 5 + -17d367?
-17d362
In base 10, what is 364307 - 3?
364304
In base 3, what is 2022102221 + -2?
2022102212
In base 15, what is -162 + 12c3?
1161
In base 9, what is -1088862 - 13?
-1088875
In base 6, what is -3153210 + 11?
-3153155
In base 13, what is -202 - -43?
-18c
In base 2, what is 1010011 + -11011010?
-10000111
In base 16, what is -2535 - -a?
-252b
In base 10, what is 1537 - 496?
1041
In base 11, what is 1153 + -43?
1110
In base 7, what is -465 + 36365?
35600
In base 3, what is -211211210221 - -20?
-211211210201
In base 12, what is 365 + 28?
391
In base 7, what is -52306 - -63?
-52213
In base 10, what is -359189 - 5?
-359194
In base 7, what is -141 - 14543?
-15014
In base 2, what is -100100111000110011 - -1?
-100100111000110010
In base 3, what is 222022010 - -120?
222022200
In base 11, what is 10965 + -36?
1092a
In base 11, what is 20a478 + 3?
20a480
In base 8, what is 60676 + -64?
60612
In base 12, what is 52 - -28223?
28275
In base 4, what is -30212 - -3?
-30203
In base 3, what is -11 + 10220200020?
10220200002
In base 15, what is -5 + -10717?
-1071c
In base 8, what is 6160 + 23?
6203
In base 15, what is -4 + 11d127?
11d123
In base 13, what is -4 + 23c50?
23c49
In base 10, what is -31 - -296?
265
In base 13, what is 347 - a?
33a
In base 16, what is -27c36 + -4?
-27c3a
In base 13, what is 22 - -b21?
b43
In base 4, what is 1 - 2030321313?
-2030321312
In base 8, what is 3 + 64257?
64262
In base 7, what is 1213562 - -2?
1213564
In base 12, what is 58b9 + -82?
5837
In base 5, what is 42 - -14114?
14211
In base 10, what is -726 + -507?
-1233
In base 11, what is -2 + -15996?
-15998
In base 6, what is 1 + 1212434?
1212435
In base 14, what is -133 - 633?
-766
In base 10, what is 6 + 1014?
1020
In base 5, what is 212 + 300?
1012
In base 5, what is -1433141 - -4?
-1433132
In base 2, what is -10111100100110 + -10111?
-10111100111101
In base 9, what is -5 - -45862?
45856
In base 13, what is -25 - 13c21?
-13c46
In base 9, what is -11144 + -51?
-11205
In base 12, what is -49176 + -3?
-49179
In base 9, what is 34 - -1426?
1461
In base 12, what is -183b - -33?
-1808
In base 4, what is 1 - -3123102?
3123103
In base 2, what is -111010000011111110 - -101?
-111010000011111001
In base 13, what is -5 + -22a6b5?
-22a6ba
In base 13, what is -a422b + 1?
-a422a
In base 7, what is -13446 - 23?
-13502
In base 3, what is -221002 + -2012?
-1000021
In base 7, what is -331230 - 5?
-331235
In base 7, what is 313 - 2266?
-1653
In base 9, what is -38354 + 5?
-38348
In base 6, what is 23 - 3503?
-3440
In base 15, what is 787e - -39?
78b8
In base 6, what is 4 - 3125500?
-3125452
In base 4, what is -11 - 3122201?
-3122212
In base 16, what is 2 - -9ae5?
9ae7
In base 5, what is -101 - 111422?
-112023
In base 2, what is -1000011101010010 - 0?
-1000011101010010
In base 10, what is 276 + -6624?
-6348
In base 12, what is -132 - -16a4?
1572
In base 5, what is 2220331 + 22?
2220403
In base 4, what is -10 + -303201122?
-303201132
In base 7, what is 0 - 22126?
-22126
In base 12, what is 4a76 + 72?
4b28
In base 6, what is 541505 + 31?
541540
In base 7, what is 33 + -41202?
-41136
In base 7, what is 34 - -1160?
1224
In base 2, what is 1010101011 + 110111?
1011100010
In base 13, what is 10b0a + -7?
10b03
In base 4, what is -323233131 - 10?
-323233201
In base 4, what is -1 + -12002020210?
-12002020211
In base 8, what is -172 - -207?
15
In base 5, what is 14423 - 2023?
12400
In base 12, what is 2238042 - -4?
2238046
In base 7, what is 5511 - 234?
5244
In base 9, what is 7 + 364084?
364102
In base 16, what is c3cbd + -4?
c3cb9
In base 14, what is 6678 + -2?
6676
In base 16, what is -2 - -2841c?
2841a
In base 7, what is -126636 - 3?
-126642
In base 7, what is -32616 + 4?
-32612
In base 16, what is 1699 - -3?
169c
In base 13, what is 2b6a - -2b?
2b98
In base 4, what is 1 - 302212120?
-302212113
In base 11, what is -2 - 709529?
-709530
In base 2, what is 0 - 110000110?
-110000110
In base 3, what is 101001 + 2102110?
2210111
In base 8, what is -76363 + -5?
-76370
In base 13, what is 2705a27 + 3?
2705a2a
In base 12, what is 1 - -93680?
93681
In base 15, what is -1 + -182a?
-182b
In base 15, what is -1a2d + -6?
-1a34
In base 7, what is 3 + -53124?
-53121
In base 6, what is 23 - -1341115?
1341142
In base 14, what is 5 - 89c47?
-89c42
In base 12, what is 13989 + 0?
13989
In base 5, what is -312321134 + -2?
-312321141
In base 16, what is 16a - -27?
191
In base 4, what is -3 - -32222313?
32222310
In base 15, what is 12 - 29ad?
-299b
In base 6, what is -2 + -1322?
-1324
In base 12, what is -71 - -6a4?
633
In base 5, what is -121 - -424?
303
In base 3, what is 21 - -211010120?
211010211
In base 6, what is -234 - 251151?
-251425
In base 11, what is -13 + -4805?
-4818
In base 12, what is 319 - -87?
3a4
In base 4, what is 23002032 + 3?
23002101
In base 9, what is -280827 + 12?
-280815
In base 4, what is -12 + 203101033?
203101021
In base 5, what is -3 - -431032?
431024
In base 5, what is 13343442 - -2?
13343444
In base 9, what is 134762 - 5?
134756
In base 14, what is 630 - -12?
642
In base 3, what is 101 - -120001120?
120001221
In base 14, what is -29c - 13a?
-3d8
In base 10, what is 33 + 4368?
4401
In base 15, what is -5 - -3c07?
3c02
In base 15, what is 40 + -9e?
-5e
In base 10, what is -605 - -3?
-602
In base 2, what is -11110001101000011 + -1?
-11110001101000100
In base 14, what is -4d + -89?
-d8
In base 14, what is 596 + -13d?
457
In base 5, what is 210423 - 2143?
203230
In base 10, what is -4 - -2017?
2013
In base 8, what is -144 - 313?
-457
In base 6, what is 4 - -3225140?
3225144
In base 2, what is -10100011 - 10001000100?
-10011100111
In base 3, what is 20202022200 - -21?
20202022221
In base 3, what is -21010001100 - 0?
-21010001100
In base 11, what is -11 - -73a2?
7391
In base 10, what is 2 - 1445?
-1443
In base 5, what is 112103 + 30?
112133
In base 3, what is -111211020102 - -12?
-111211020020
In base 5, what is -10 + 120?
110
In base 13, what is -cc1 + 35?
-c89
In base 2, what is -10101111111 + -101?
-10110000100
In base 10, what is 3216 + -32?
3184
In base 5, what is 111 + -100432?
-100321
In base 4, what is 3033031131 + 3?
3033031200
In base 12, what is 39354 - -5?
39359
In base 4, what is -21211 + -1323?
-23200
In base 13, what is -12815 - 3?
-12818
In base 12, what is 1 + -492698?
-492697
In base 10, what is -269 - -57?
-212
In base 9, what is -6500253 - 1?
-6500254
In base 12, what is -40 + -1665?
-16a5
In base 14, what is -a361 + 3?
-a35c
In base 14, what is -470c - 19?
-4727
In base 13, what is 13 + -2276?
-2263
In base 3, what is -22212100 + -102?
-22212202
In base 6, what is 14033 + -11?
14022
In base 13, what is 3 - 2c606?
-2c603
In base 2, what is -100100111101010 - 11?
-100100111101101
In base 2, what is 111 - 11000000101010000?
-11000000101001001
In base 4, what is 2111 - 10031?
-1320
In base 13, what is -8614a + -5?
-86152
In base 11, what is -508 - -46?
-472
In base 2, what is -1010001101101 + -1000010?
-1010010101111
In base 16, what is 2b3f + -21?
2b1e
In base 7, what is 5416 + -526?
4560
In base 16, what is -118f + -59?
-11e8
In base 4, what is 3 + 111010323?
111010332
In base 15, what is 18b - 1b19?
-197d
In base 10, what is -97026 - 43?
-97069
In base 6, what is -33 + -42325?
-42402
In base 6, what is -5 + -140354?
-140403
In base 4, what is -2 + -331103?
-331111
In base 13, what is -4 + -12c14?
-12c18
In base 4, what is 2 - 12101320?
-12101312
In base 3, what is 112121 - 1000210210?
-1000021012
In base 14, what is 1138 - 8?
1130
In base 7, what is 0 + 36465?
36465
In base 10, what is 61758 - 3?
61755
In base 13, what is 3055b + -2?
30559
In base 10, what is 78366 + -2?
78364
In base 14, what is 17 + 1628c?
162a5
In base 11, what is 53376 + -1?
53375
In base 8, what is 414522 - -3?
414525
In base 4, what is 1100 - 12320?
-11220
In b